{"id":55,"date":"2022-11-04T15:14:35","date_gmt":"2022-11-04T14:14:35","guid":{"rendered":"http:\/\/bulledeprairie.com\/?page_id=55"},"modified":"2026-03-18T16:51:04","modified_gmt":"2026-03-18T15:51:04","slug":"accueil","status":"publish","type":"page","link":"https:\/\/bulledeprairie.com\/","title":{"rendered":"Accueil"},"content":{"rendered":"\n<figure class=\"wp-block-image alignfull size-large\"><img loading=\"lazy\" decoding=\"async\" width=\"1024\" height=\"475\" src=\"https:\/\/bulledeprairie.com\/wp-content\/uploads\/2025\/06\/Banniere-site-internet-1024x475.jpg\" alt=\"\" class=\"wp-image-306\" srcset=\"https:\/\/bulledeprairie.com\/wp-content\/uploads\/2025\/06\/Banniere-site-internet-1024x475.jpg 1024w, https:\/\/bulledeprairie.com\/wp-content\/uploads\/2025\/06\/Banniere-site-internet-300x139.jpg 300w, https:\/\/bulledeprairie.com\/wp-content\/uploads\/2025\/06\/Banniere-site-internet-768x356.jpg 768w, https:\/\/bulledeprairie.com\/wp-content\/uploads\/2025\/06\/Banniere-site-internet.jpg 1308w\" sizes=\"auto, (max-width: 1024px) 100vw, 1024px\" \/><\/figure>\n\n\n\n<div style=\"height:41px\" aria-hidden=\"true\" class=\"wp-block-spacer\"><\/div>\n\n\n\n<h2 class=\"wp-block-heading has-text-align-center\"><strong>Qui suis-je ? <\/strong><\/h2>\n\n\n\n<div style=\"height:12px\" aria-hidden=\"true\" class=\"wp-block-spacer\"><\/div>\n\n\n\n<p class=\"has-text-align-left\">Passionn\u00e9e par les chevaux depuis toute petite, je suis anim\u00e9e par le fait de vouloir prendre soin d&rsquo;eux et de garantir leur bien-\u00eatre. J&rsquo;ai ainsi d\u00e9cid\u00e9 d&rsquo;en faire mon m\u00e9tier. Je suis cavali\u00e8re depuis 20 ans et propri\u00e9taire depuis 10 ans, ce qui m\u2019a permis d\u2019acqu\u00e9rir une bonne exp\u00e9rience aupr\u00e8s des chevaux. Je me suis ensuite form\u00e9e \u00e0 la communication animale, aux soutiens \u00e9nerg\u00e9tiques (Eva Colomb \u2013 Drago Dolce) et au comportementalisme \u00e9quin (Humanimalis). Je mets tous ces outils \u00e0 votre disposition pour vous accompagner avec votre cheval afin de renforcer votre relation, le comprendre ou encore d\u2019am\u00e9liorer son bien-\u00eatre. En effet, j\u2019ai une vision holistique du cheval&nbsp;: pour avoir un cheval heureux et \u00e9panoui, il est n\u00e9cessaire de lui assurer un bien-\u00eatre physique et \u00e9motionnel.<\/p>\n\n\n\n<div class=\"wp-block-buttons is-content-justification-center is-layout-flex wp-container-core-buttons-is-layout-a89b3969 wp-block-buttons-is-layout-flex\">\n<div class=\"wp-block-button\"><a class=\"wp-block-button__link wp-element-button\" href=\"https:\/\/bulledeprairie.com\/index.php\/a-propos-de\/\">En savoir plus<\/a><\/div>\n<\/div>\n\n\n\n<p><\/p>\n\n\n\n<figure class=\"wp-block-image aligncenter is-resized is-style-rounded\"><img loading=\"lazy\" decoding=\"async\" width=\"1024\" height=\"683\" src=\"https:\/\/bulledeprairie.com\/wp-content\/uploads\/2022\/11\/horse-g1e232e6cd_1920-1024x683.jpg\" alt=\"\" class=\"wp-image-65\" style=\"width:541px;height:361px\"\/><\/figure>\n\n\n\n<h2 class=\"wp-block-heading has-text-align-center\"><strong>Pourquoi choisir mon accompagnement ? <\/strong><\/h2>\n\n\n\n<div class=\"inherit-container-width wp-block-group is-layout-constrained wp-block-group-is-layout-constrained\">\n<div class=\"wp-block-columns is-layout-flex wp-container-core-columns-is-layout-28f84493 wp-block-columns-is-layout-flex\">\n<div class=\"wp-block-column is-layout-flow wp-block-column-is-layout-flow\">\n<h3 class=\"wp-block-heading has-text-align-center\">Ecoute <\/h3>\n\n\n\n<p>Prendre le temps d&rsquo;\u00e9couter vos besoins ainsi que ceux de votre cheval est pour moi une priorit\u00e9 afin de m&rsquo;adapter au mieux \u00e0 vous. <\/p>\n<\/div>\n\n\n\n<div class=\"wp-block-column is-layout-flow wp-block-column-is-layout-flow\">\n<h3 class=\"wp-block-heading has-text-align-center\">Confiance<\/h3>\n\n\n\n<p>Cr\u00e9er une relation de confiance avec vous et votre \u00e9quid\u00e9 afin de vous offrir un espace dans lequel vous vous sentez accueilli et compris.<\/p>\n<\/div>\n\n\n\n<div class=\"wp-block-column is-layout-flow wp-block-column-is-layout-flow\">\n<h3 class=\"wp-block-heading has-text-align-center\">Amour<\/h3>\n\n\n\n<p>Parce que l&rsquo;amour fait tout ! Il est la base d&rsquo;une relation solide et \u00e9panouie avec son cheval mais aussi ce qui fait que nous voulons le meilleur pour lui et donc lui garantir son bien-\u00eatre. <\/p>\n<\/div>\n<\/div>\n<\/div>\n\n\n\n<div class=\"wp-block-media-text is-stacked-on-mobile\" style=\"grid-template-columns:43% auto\"><figure class=\"wp-block-media-text__media\"><img loading=\"lazy\" decoding=\"async\" width=\"1024\" height=\"678\" src=\"https:\/\/bulledeprairie.com\/wp-content\/uploads\/2022\/11\/horse-g224187f5e_1920-1-1024x678.jpg\" alt=\"\" class=\"wp-image-71 size-full\" srcset=\"https:\/\/bulledeprairie.com\/wp-content\/uploads\/2022\/11\/horse-g224187f5e_1920-1-1024x678.jpg 1024w, https:\/\/bulledeprairie.com\/wp-content\/uploads\/2022\/11\/horse-g224187f5e_1920-1-300x199.jpg 300w, https:\/\/bulledeprairie.com\/wp-content\/uploads\/2022\/11\/horse-g224187f5e_1920-1-768x508.jpg 768w, https:\/\/bulledeprairie.com\/wp-content\/uploads\/2022\/11\/horse-g224187f5e_1920-1-1536x1017.jpg 1536w, https:\/\/bulledeprairie.com\/wp-content\/uploads\/2022\/11\/horse-g224187f5e_1920-1.jpg 1920w\" sizes=\"auto, (max-width: 1024px) 100vw, 1024px\" \/><\/figure><div class=\"wp-block-media-text__content\">\n<h2 class=\"wp-block-heading\"><strong>Les prestations <\/strong><\/h2>\n\n\n\n<p class=\"has-text-align-left\">Vous souhaitez mieux comprendre votre cheval, pouvoir travailler en coop\u00e9ration avec lui \u00e0 l&rsquo;aide du clicker training et des soins coop\u00e9ratifs ? Vous \u00eates au bon endroit ! Je mets \u00e0 votre disposition mes comp\u00e9tences et mes outils afin de vous permettre de communiquer avec lui de fa\u00e7on fluide et d&rsquo;effectuer les soins dans le calme et la complicit\u00e9. Vous trouverez tous mes outils en cliquant sur \u00ab\u00a0en savoir plus\u00a0\u00bb.<\/p>\n\n\n\n<div class=\"wp-block-buttons is-content-justification-center is-layout-flex wp-container-core-buttons-is-layout-a89b3969 wp-block-buttons-is-layout-flex\">\n<div class=\"wp-block-button\"><a class=\"wp-block-button__link wp-element-button\" href=\"https:\/\/bulledeprairie.com\/index.php\/prestations\/\">En savoir plus<\/a><\/div>\n<\/div>\n<\/div><\/div>\n\n\n\n<div style=\"height:60px\" aria-hidden=\"true\" class=\"wp-block-spacer\"><\/div>\n\n\n\n<div class=\"wp-block-columns is-layout-flex wp-container-core-columns-is-layout-28f84493 wp-block-columns-is-layout-flex\">\n<div class=\"wp-block-column is-layout-flow wp-block-column-is-layout-flow\">\n<h2 class=\"wp-block-heading has-text-align-center\">Stage d &lsquo;initiation au medical training<\/h2>\n\n\n\n<p>Vous rencontrez des difficult\u00e9s pour effectuer les soins quotidiens avec votre \u00e9quid\u00e9 ? Le medical training est fait pour vous ! Vous retrouverez de la s\u00e9curit\u00e9 lors des soins. Votre cheval sera en confiance et participera activement.<\/p>\n\n\n\n<p>Ce stage d&rsquo;une journ\u00e9e vous apportera les bases du medical training. <\/p>\n\n\n\n<div class=\"wp-block-buttons is-content-justification-center is-layout-flex wp-container-core-buttons-is-layout-a89b3969 wp-block-buttons-is-layout-flex\">\n<div class=\"wp-block-button\"><a class=\"wp-block-button__link wp-element-button\" href=\"https:\/\/bulledeprairie.com\/index.php\/formation-prendre-soin-de-son-equide\/stage-medical-training\/\">Je m&rsquo;initie au medical training<\/a><\/div>\n<\/div>\n<\/div>\n\n\n\n<div class=\"wp-block-column is-layout-flow wp-block-column-is-layout-flow\">\n<figure class=\"wp-block-image size-full is-resized\"><img loading=\"lazy\" decoding=\"async\" width=\"546\" height=\"536\" src=\"https:\/\/bulledeprairie.com\/wp-content\/uploads\/2026\/03\/6.jpg\" alt=\"\" class=\"wp-image-437\" style=\"aspect-ratio:1.018657650889056;width:371px;height:auto\" srcset=\"https:\/\/bulledeprairie.com\/wp-content\/uploads\/2026\/03\/6.jpg 546w, https:\/\/bulledeprairie.com\/wp-content\/uploads\/2026\/03\/6-300x295.jpg 300w\" sizes=\"auto, (max-width: 546px) 100vw, 546px\" \/><\/figure>\n<\/div>\n<\/div>\n\n\n\n<div class=\"wp-block-columns is-layout-flex wp-container-core-columns-is-layout-28f84493 wp-block-columns-is-layout-flex\">\n<div class=\"wp-block-column is-layout-flow wp-block-column-is-layout-flow\">\n<figure class=\"wp-block-image size-full\"><img loading=\"lazy\" decoding=\"async\" width=\"831\" height=\"555\" src=\"https:\/\/bulledeprairie.com\/wp-content\/uploads\/2026\/01\/107.jpg\" alt=\"\" class=\"wp-image-379\" srcset=\"https:\/\/bulledeprairie.com\/wp-content\/uploads\/2026\/01\/107.jpg 831w, https:\/\/bulledeprairie.com\/wp-content\/uploads\/2026\/01\/107-300x200.jpg 300w, https:\/\/bulledeprairie.com\/wp-content\/uploads\/2026\/01\/107-768x513.jpg 768w\" sizes=\"auto, (max-width: 831px) 100vw, 831px\" \/><\/figure>\n\n\n\n<p class=\"has-text-align-left\"><\/p>\n\n\n\n<div class=\"wp-block-buttons is-content-justification-center is-layout-flex wp-container-core-buttons-is-layout-a89b3969 wp-block-buttons-is-layout-flex\"><\/div>\n<\/div>\n\n\n\n<div class=\"wp-block-column is-layout-flow wp-block-column-is-layout-flow\">\n<h2 class=\"wp-block-heading has-text-align-center\">Formation en ligne &#8211; Prendre soin de son \u00e9quid\u00e9 au quotidien<\/h2>\n\n\n\n<p>Retrouvez \u00e0 travers cette formation tous les essentiels \u00e0 savoir quand on est propri\u00e9taire d&rsquo;\u00e9quid\u00e9 et plus particuli\u00e8rement propri\u00e9taire \u00e0 la maison. J&rsquo;ai compil\u00e9 ici tout ce que j&rsquo;aurais aim\u00e9 savoir quand je suis devenue moi-m\u00eame propri\u00e9taire. Je vous fais profiter dans cette formation des mes 10 ann\u00e9es d&rsquo;exp\u00e9rience.<\/p>\n\n\n\n<div class=\"wp-block-buttons is-content-justification-center is-layout-flex wp-container-core-buttons-is-layout-a89b3969 wp-block-buttons-is-layout-flex\">\n<div class=\"wp-block-button\"><a class=\"wp-block-button__link wp-element-button\" href=\"https:\/\/bulledeprairie.com\/index.php\/formation-prendre-soin-de-son-equide\/\">Je d\u00e9couvre la formation<\/a><\/div>\n<\/div>\n<\/div>\n<\/div>\n\n\n\n<div style=\"height:44px\" aria-hidden=\"true\" class=\"wp-block-spacer\"><\/div>\n\n\n\n<div class=\"wp-block-media-text has-media-on-the-right is-stacked-on-mobile\" style=\"grid-template-columns:auto 43%\"><div class=\"wp-block-media-text__content\">\n<h2 class=\"wp-block-heading has-text-align-center\"><strong>Ebook  pour comprendre les besoins fondamentaux des chevaux<\/strong><\/h2>\n\n\n\n<p>T\u00e9l\u00e9chargez l&rsquo;ebook sur les besoins fondamentaux des chevaux en cliquant sur le bouton ci-dessous. Cet ebook permet de comprendre ce que sont les besoins fondamentaux et vous trouverez quelques id\u00e9es pour y r\u00e9pondre au quotidien. <\/p>\n\n\n\n<div class=\"wp-block-buttons is-content-justification-center is-layout-flex wp-container-core-buttons-is-layout-a89b3969 wp-block-buttons-is-layout-flex\">\n<div class=\"wp-block-button\"><a class=\"wp-block-button__link wp-element-button\" href=\"https:\/\/bulledeprairie.systeme.io\/c55ef928\" target=\"_blank\" rel=\"noreferrer noopener\">T\u00e9l\u00e9charger l&rsquo;ebook <\/a><\/div>\n<\/div>\n<\/div><figure class=\"wp-block-media-text__media\"><img loading=\"lazy\" decoding=\"async\" width=\"724\" height=\"1024\" src=\"https:\/\/bulledeprairie.com\/wp-content\/uploads\/2022\/11\/Petit-manuel-des-besoins-fondamentaux-du-cheval-724x1024.jpg\" alt=\"\" class=\"wp-image-251 size-full\" srcset=\"https:\/\/bulledeprairie.com\/wp-content\/uploads\/2022\/11\/Petit-manuel-des-besoins-fondamentaux-du-cheval-724x1024.jpg 724w, https:\/\/bulledeprairie.com\/wp-content\/uploads\/2022\/11\/Petit-manuel-des-besoins-fondamentaux-du-cheval-212x300.jpg 212w, https:\/\/bulledeprairie.com\/wp-content\/uploads\/2022\/11\/Petit-manuel-des-besoins-fondamentaux-du-cheval-768x1086.jpg 768w, https:\/\/bulledeprairie.com\/wp-content\/uploads\/2022\/11\/Petit-manuel-des-besoins-fondamentaux-du-cheval-1086x1536.jpg 1086w, https:\/\/bulledeprairie.com\/wp-content\/uploads\/2022\/11\/Petit-manuel-des-besoins-fondamentaux-du-cheval.jpg 1414w\" sizes=\"auto, (max-width: 724px) 100vw, 724px\" \/><\/figure><\/div>\n\n\n\n<div class=\"inherit-container-width wp-block-group is-layout-constrained wp-block-group-is-layout-constrained\">\n<h2 class=\"wp-block-heading has-text-align-center\"><strong>T\u00e9moignages <\/strong><\/h2>\n\n\n\n<div class=\"wp-block-columns is-layout-flex wp-container-core-columns-is-layout-28f84493 wp-block-columns-is-layout-flex\">\n<div class=\"wp-block-column is-layout-flow wp-block-column-is-layout-flow\">\n<p>\u00ab\u00a0J&rsquo;ai fait appel \u00e0 Elsa suite \u00e0 l&rsquo;int\u00e9gration d&rsquo;un nouveau cheval dans le troupeau de ma jument. Elle \u00e9tait agressive envers lui, ce qui ne lui ressemble pas, on sentait un v\u00e9ritable mal-\u00eatre. Elsa a pu entrer en communication avec elle pour comprendre ce qui se passait, la rassurer et travailler sur ses blessures du pass\u00e9 et sa peur du rejet. En une heure son comportement a chang\u00e9, elle le tol\u00e8re et ils mangent maintenant ensemble. Je resolliciterai Elsa lorsqu&rsquo;on rencontrera un autre gros souci, \u00e7a apaise tout le monde. Merci. \u00a0\u00bb                               <strong>Margaux<\/strong><\/p>\n<\/div>\n\n\n\n<div class=\"wp-block-column is-layout-flow wp-block-column-is-layout-flow\">\n<p class=\"has-text-align-left\">\u00ab\u00a0J&rsquo;ai essay\u00e9 la communication animale sur mon chien Memphis \u00e0 l&rsquo;aide d&rsquo;Elsa. Memphis ne mangeait plus du tout, se laissait d\u00e9p\u00e9rir. C&rsquo;est un chien de gros gabarit, qui dans son poids de forme p\u00e8se 60 kilos et il \u00e9tait tomb\u00e9 \u00e0 48 kilos. Gr\u00e2ce \u00e0 la communication il a pu s&rsquo;exprimer, expliquer la raison de son \u00e9tat, et les r\u00e9sultats ont \u00e9t\u00e9 flagrants. Il a imm\u00e9diatement recommenc\u00e9 \u00e0 manger, a repris beaucoup de poids, et a retrouv\u00e9 sa joie de vivre. J&rsquo;en suis heureuse et soulag\u00e9e, et je remercie grandement Elsa pour l&rsquo;aide qu&rsquo;elle nous a apport\u00e9e. \u00a0\u00bb                                                                           <strong>Karla<\/strong><\/p>\n<\/div>\n<\/div>\n<\/div>\n","protected":false},"excerpt":{"rendered":"<p>Qui suis-je ? Passionn\u00e9e par les chevaux depuis toute petite, je suis anim\u00e9e par le fait de vouloir prendre soin d&rsquo;eux et de garantir leur bien-\u00eatre. J&rsquo;ai ainsi d\u00e9cid\u00e9 d&rsquo;en faire mon m\u00e9tier. Je suis cavali\u00e8re depuis 20 ans et propri\u00e9taire depuis 10 ans, ce qui m\u2019a permis d\u2019acqu\u00e9rir une bonne exp\u00e9rience aupr\u00e8s des chevaux. [&hellip;]<\/p>\n","protected":false},"author":1,"featured_media":0,"parent":0,"menu_order":0,"comment_status":"closed","ping_status":"closed","template":"","meta":{"site-sidebar-layout":"default","site-content-layout":"","ast-site-content-layout":"default","site-content-style":"default","site-sidebar-style":"default","ast-global-header-display":"","ast-banner-title-visibility":"","ast-main-header-display":"","ast-hfb-above-header-display":"","ast-hfb-below-header-display":"","ast-hfb-mobile-header-display":"","site-post-title":"disabled","ast-breadcrumbs-content":"","ast-featured-img":"","footer-sml-layout":"","ast-disable-related-posts":"","theme-transparent-header-meta":"","adv-header-id-meta":"","stick-header-meta":"","header-above-stick-meta":"","header-main-stick-meta":"","header-below-stick-meta":"","astra-migrate-meta-layouts":"set","ast-page-background-enabled":"default","ast-page-background-meta":{"desktop":{"background-color":"var(--ast-global-color-4)","background-image":"","background-repeat":"repeat","background-position":"center center","background-size":"auto","background-attachment":"scroll","background-type":"","background-media":"","overlay-type":"","overlay-color":"","overlay-opacity":"","overlay-gradient":""},"tablet":{"background-color":"","background-image":"","background-repeat":"repeat","background-position":"center center","background-size":"auto","background-attachment":"scroll","background-type":"","background-media":"","overlay-type":"","overlay-color":"","overlay-opacity":"","overlay-gradient":""},"mobile":{"background-color":"","background-image":"","background-repeat":"repeat","background-position":"center center","background-size":"auto","background-attachment":"scroll","background-type":"","background-media":"","overlay-type":"","overlay-color":"","overlay-opacity":"","overlay-gradient":""}},"ast-content-background-meta":{"desktop":{"background-color":"var(--ast-global-color-5)","background-image":"","background-repeat":"repeat","background-position":"center center","background-size":"auto","background-attachment":"scroll","background-type":"","background-media":"","overlay-type":"","overlay-color":"","overlay-opacity":"","overlay-gradient":""},"tablet":{"background-color":"var(--ast-global-color-5)","background-image":"","background-repeat":"repeat","background-position":"center center","background-size":"auto","background-attachment":"scroll","background-type":"","background-media":"","overlay-type":"","overlay-color":"","overlay-opacity":"","overlay-gradient":""},"mobile":{"background-color":"var(--ast-global-color-5)","background-image":"","background-repeat":"repeat","background-position":"center center","background-size":"auto","background-attachment":"scroll","background-type":"","background-media":"","overlay-type":"","overlay-color":"","overlay-opacity":"","overlay-gradient":""}},"footnotes":""},"class_list":["post-55","page","type-page","status-publish","hentry"],"_links":{"self":[{"href":"https:\/\/bulledeprairie.com\/index.php\/wp-json\/wp\/v2\/pages\/55","targetHints":{"allow":["GET"]}}],"collection":[{"href":"https:\/\/bulledeprairie.com\/index.php\/wp-json\/wp\/v2\/pages"}],"about":[{"href":"https:\/\/bulledeprairie.com\/index.php\/wp-json\/wp\/v2\/types\/page"}],"author":[{"embeddable":true,"href":"https:\/\/bulledeprairie.com\/index.php\/wp-json\/wp\/v2\/users\/1"}],"replies":[{"embeddable":true,"href":"https:\/\/bulledeprairie.com\/index.php\/wp-json\/wp\/v2\/comments?post=55"}],"version-history":[{"count":52,"href":"https:\/\/bulledeprairie.com\/index.php\/wp-json\/wp\/v2\/pages\/55\/revisions"}],"predecessor-version":[{"id":441,"href":"https:\/\/bulledeprairie.com\/index.php\/wp-json\/wp\/v2\/pages\/55\/revisions\/441"}],"wp:attachment":[{"href":"https:\/\/bulledeprairie.com\/index.php\/wp-json\/wp\/v2\/media?parent=55"}],"curies":[{"name":"wp","href":"https:\/\/api.w.org\/{rel}","templated":true}]}}