{"id":404,"date":"2026-03-18T16:20:26","date_gmt":"2026-03-18T15:20:26","guid":{"rendered":"https:\/\/bulledeprairie.com\/?page_id=404"},"modified":"2026-03-31T12:39:42","modified_gmt":"2026-03-31T10:39:42","slug":"stage-medical-training","status":"publish","type":"page","link":"https:\/\/bulledeprairie.com\/index.php\/formation-prendre-soin-de-son-equide\/stage-medical-training\/","title":{"rendered":"Stage medical training"},"content":{"rendered":"\n<figure class=\"wp-block-image aligncenter size-full is-resized\"><img loading=\"lazy\" decoding=\"async\" width=\"837\" height=\"409\" src=\"https:\/\/bulledeprairie.com\/wp-content\/uploads\/2026\/03\/banniere.jpg\" alt=\"\" class=\"wp-image-405\" style=\"aspect-ratio:2.046463418992816;width:895px;height:auto\" srcset=\"https:\/\/bulledeprairie.com\/wp-content\/uploads\/2026\/03\/banniere.jpg 837w, https:\/\/bulledeprairie.com\/wp-content\/uploads\/2026\/03\/banniere-300x147.jpg 300w, https:\/\/bulledeprairie.com\/wp-content\/uploads\/2026\/03\/banniere-768x375.jpg 768w\" sizes=\"auto, (max-width: 837px) 100vw, 837px\" \/><\/figure>\n\n\n\n<div style=\"height:17px\" aria-hidden=\"true\" class=\"wp-block-spacer\"><\/div>\n\n\n\n<div class=\"wp-block-group is-nowrap is-layout-flex wp-container-core-group-is-layout-6c531013 wp-block-group-is-layout-flex\">\n<h3 class=\"wp-block-heading has-text-align-center\">Vous rencontrez des difficult\u00e9s pour effectuer les soins quotidiens avec votre \u00e9quid\u00e9 ? Le medical training est fait pour vous !  Vous retrouverez de la s\u00e9curit\u00e9 lors des soins. Votre cheval sera en confiance et participera activement.<\/h3>\n<\/div>\n\n\n\n<div style=\"height:27px\" aria-hidden=\"true\" class=\"wp-block-spacer\"><\/div>\n\n\n\n<hr class=\"wp-block-separator has-alpha-channel-opacity\"\/>\n\n\n\n<figure class=\"wp-block-image aligncenter size-full is-resized\"><img loading=\"lazy\" decoding=\"async\" width=\"1020\" height=\"193\" src=\"https:\/\/bulledeprairie.com\/wp-content\/uploads\/2026\/03\/descriptif-medical-training.jpg\" alt=\"\" class=\"wp-image-406\" style=\"aspect-ratio:5.285028613623777;width:809px;height:auto\" srcset=\"https:\/\/bulledeprairie.com\/wp-content\/uploads\/2026\/03\/descriptif-medical-training.jpg 1020w, https:\/\/bulledeprairie.com\/wp-content\/uploads\/2026\/03\/descriptif-medical-training-300x57.jpg 300w, https:\/\/bulledeprairie.com\/wp-content\/uploads\/2026\/03\/descriptif-medical-training-768x145.jpg 768w\" sizes=\"auto, (max-width: 1020px) 100vw, 1020px\" \/><\/figure>\n\n\n\n<hr class=\"wp-block-separator has-alpha-channel-opacity\"\/>\n\n\n\n<div style=\"height:17px\" aria-hidden=\"true\" class=\"wp-block-spacer\"><\/div>\n\n\n\n<div class=\"wp-block-group alignfull is-nowrap is-layout-flex wp-container-core-group-is-layout-6c531013 wp-block-group-is-layout-flex\">\n<div class=\"wp-block-columns is-layout-flex wp-container-core-columns-is-layout-28f84493 wp-block-columns-is-layout-flex\">\n<div class=\"wp-block-column is-layout-flow wp-block-column-is-layout-flow\">\n<p>Voici ce que l\u2019on peut <strong>travailler avec le medical training afin de retrouver de la s\u00e9curit\u00e9 et la confiance du cheval<\/strong> lors des soins :<\/p>\n\n\n\n<ul class=\"wp-block-list\">\n<li>seringue pour les injections<\/li>\n\n\n\n<li>seringue dans la bouche (vermifuge, etc&#8230;)<\/li>\n\n\n\n<li>soin des yeux<\/li>\n\n\n\n<li>la douche<\/li>\n\n\n\n<li>le spray (anti-mouche, d\u00e9m\u00e9lant)<\/li>\n\n\n\n<li>la tonte<\/li>\n\n\n\n<li>ouvrir la bouche et toucher les incives voire mettre le padane en anticipation du dentiste<\/li>\n\n\n\n<li>nettoyer une plaie douloureuse<\/li>\n\n\n\n<li>utiliser le st\u00e9thoscope<\/li>\n\n\n\n<li>prendre les pieds<\/li>\n\n\n\n<li>le n\u00e9bulisateur \/ n\u00e9bulisation<\/li>\n<\/ul>\n<\/div>\n<\/div>\n\n\n\n<figure class=\"wp-block-image size-full\"><img loading=\"lazy\" decoding=\"async\" width=\"328\" height=\"500\" src=\"https:\/\/bulledeprairie.com\/wp-content\/uploads\/2026\/03\/piqure.jpg\" alt=\"\" class=\"wp-image-411\" srcset=\"https:\/\/bulledeprairie.com\/wp-content\/uploads\/2026\/03\/piqure.jpg 328w, https:\/\/bulledeprairie.com\/wp-content\/uploads\/2026\/03\/piqure-197x300.jpg 197w\" sizes=\"auto, (max-width: 328px) 100vw, 328px\" \/><\/figure>\n<\/div>\n\n\n\n<hr class=\"wp-block-separator has-alpha-channel-opacity\"\/>\n\n\n\n<div class=\"wp-block-group alignwide is-content-justification-center is-nowrap is-layout-flex wp-container-core-group-is-layout-23441af8 wp-block-group-is-layout-flex\">\n<div class=\"wp-block-columns is-layout-flex wp-container-core-columns-is-layout-28f84493 wp-block-columns-is-layout-flex\">\n<div class=\"wp-block-column is-layout-flow wp-block-column-is-layout-flow\">\n<figure class=\"wp-block-image size-full\"><img loading=\"lazy\" decoding=\"async\" width=\"418\" height=\"496\" src=\"https:\/\/bulledeprairie.com\/wp-content\/uploads\/2026\/03\/4.jpg\" alt=\"\" class=\"wp-image-414\" srcset=\"https:\/\/bulledeprairie.com\/wp-content\/uploads\/2026\/03\/4.jpg 418w, https:\/\/bulledeprairie.com\/wp-content\/uploads\/2026\/03\/4-253x300.jpg 253w\" sizes=\"auto, (max-width: 418px) 100vw, 418px\" \/><\/figure>\n\n\n\n<p><\/p>\n<\/div>\n\n\n\n<div class=\"wp-block-column is-layout-flow wp-block-column-is-layout-flow\">\n<figure class=\"wp-block-image size-full is-resized\"><img loading=\"lazy\" decoding=\"async\" width=\"563\" height=\"648\" src=\"https:\/\/bulledeprairie.com\/wp-content\/uploads\/2026\/03\/5-2.jpg\" alt=\"\" class=\"wp-image-424\" style=\"aspect-ratio:0.7976532880115048;width:362px;height:auto\" srcset=\"https:\/\/bulledeprairie.com\/wp-content\/uploads\/2026\/03\/5-2.jpg 563w, https:\/\/bulledeprairie.com\/wp-content\/uploads\/2026\/03\/5-2-261x300.jpg 261w\" sizes=\"auto, (max-width: 563px) 100vw, 563px\" \/><\/figure>\n\n\n\n<p><\/p>\n<\/div>\n<\/div>\n<\/div>\n\n\n\n<p class=\"has-text-align-center\"><strong>Le tarif du stage est de 100\u20ac<\/strong><\/p>\n\n\n\n<hr class=\"wp-block-separator has-alpha-channel-opacity\"\/>\n\n\n\n<div class=\"wp-block-columns is-layout-flex wp-container-core-columns-is-layout-28f84493 wp-block-columns-is-layout-flex\">\n<div class=\"wp-block-column is-layout-flow wp-block-column-is-layout-flow\">\n<h2 class=\"wp-block-heading has-text-align-center\">Les prochains stages<\/h2>\n\n\n\n<p class=\"has-text-align-center\">Les prochaines dates de stage sont :<\/p>\n\n\n\n<ul class=\"wp-block-list\">\n<li>le 19\/04\/26 \u00e0 Pleaux (15) chevaux sur place pour pratiquer<\/li>\n\n\n\n<li>le 24\/05\/26 aux \u00e9curies des Petites Rivailles \u00e0 Saint-Genest-sur-Roselle (87) chevaux sur place pour pratiquer ou possibilit\u00e9 de venir avec son propre cheval, 15\u20ac d&rsquo;h\u00e9bergement pour la journ\u00e9e sont \u00e0 compter si vous venez avec votre cheval. <\/li>\n\n\n\n<li>le 14\/06\/26 aux \u00e9curies d&rsquo;Esmoles \u00e0 Arpajon-sur-C\u00e8re (15) chevaux pour pratiquer sur place ou possibilit\u00e9 de venir avec son propre cheval, 10\u20ac d&rsquo;h\u00e9bergement pour la journ\u00e9e sont \u00e0 compter si vous venez avec votre cheval. <\/li>\n\n\n\n<li>le 28\/06\/26 au Haras Atropa \u00e0 Millan\u00e7ay (41) chevaux pour pratiquer sur place <\/li>\n<\/ul>\n<\/div>\n<\/div>\n\n\n\n<p class=\"has-text-align-center\">D&rsquo;autres dates sont \u00e0 venir <\/p>\n\n\n\n<p class=\"has-text-align-center\">Pour vous inscrire merci de me contacter <\/p>\n\n\n\n<p class=\"has-text-align-center\">Si vous \u00eates une \u00e9curie et que vous souhaitez organiser un stage chez vous, merci de me contacter. <\/p>\n\n\n\n<div class=\"wp-block-buttons is-content-justification-center is-layout-flex wp-container-core-buttons-is-layout-a89b3969 wp-block-buttons-is-layout-flex\">\n<div class=\"wp-block-button\"><a class=\"wp-block-button__link has-text-align-center wp-element-button\" href=\"https:\/\/bulledeprairie.com\/index.php\/contact\/\">Me contacter <\/a><\/div>\n<\/div>\n","protected":false},"excerpt":{"rendered":"<p>Vous rencontrez des difficult\u00e9s pour effectuer les soins quotidiens avec votre \u00e9quid\u00e9 ? Le medical training est fait pour vous ! Vous retrouverez de la s\u00e9curit\u00e9 lors des soins. Votre cheval sera en confiance et participera activement. Voici ce que l\u2019on peut travailler avec le medical training afin de retrouver de la s\u00e9curit\u00e9 et la [&hellip;]<\/p>\n","protected":false},"author":1,"featured_media":0,"parent":315,"menu_order":0,"comment_status":"closed","ping_status":"closed","template":"","meta":{"site-sidebar-layout":"default","site-content-layout":"","ast-site-content-layout":"default","site-content-style":"default","site-sidebar-style":"default","ast-global-header-display":"","ast-banner-title-visibility":"","ast-main-header-display":"","ast-hfb-above-header-display":"","ast-hfb-below-header-display":"","ast-hfb-mobile-header-display":"","site-post-title":"disabled","ast-breadcrumbs-content":"","ast-featured-img":"","footer-sml-layout":"","ast-disable-related-posts":"","theme-transparent-header-meta":"","adv-header-id-meta":"","stick-header-meta":"","header-above-stick-meta":"","header-main-stick-meta":"","header-below-stick-meta":"","astra-migrate-meta-layouts":"set","ast-page-background-enabled":"default","ast-page-background-meta":{"desktop":{"background-color":"var(--ast-global-color-4)","background-image":"","background-repeat":"repeat","background-position":"center center","background-size":"auto","background-attachment":"scroll","background-type":"","background-media":"","overlay-type":"","overlay-color":"","overlay-opacity":"","overlay-gradient":""},"tablet":{"background-color":"","background-image":"","background-repeat":"repeat","background-position":"center center","background-size":"auto","background-attachment":"scroll","background-type":"","background-media":"","overlay-type":"","overlay-color":"","overlay-opacity":"","overlay-gradient":""},"mobile":{"background-color":"","background-image":"","background-repeat":"repeat","background-position":"center center","background-size":"auto","background-attachment":"scroll","background-type":"","background-media":"","overlay-type":"","overlay-color":"","overlay-opacity":"","overlay-gradient":""}},"ast-content-background-meta":{"desktop":{"background-color":"var(--ast-global-color-5)","background-image":"","background-repeat":"repeat","background-position":"center center","background-size":"auto","background-attachment":"scroll","background-type":"","background-media":"","overlay-type":"","overlay-color":"","overlay-opacity":"","overlay-gradient":""},"tablet":{"background-color":"var(--ast-global-color-5)","background-image":"","background-repeat":"repeat","background-position":"center center","background-size":"auto","background-attachment":"scroll","background-type":"","background-media":"","overlay-type":"","overlay-color":"","overlay-opacity":"","overlay-gradient":""},"mobile":{"background-color":"var(--ast-global-color-5)","background-image":"","background-repeat":"repeat","background-position":"center center","background-size":"auto","background-attachment":"scroll","background-type":"","background-media":"","overlay-type":"","overlay-color":"","overlay-opacity":"","overlay-gradient":""}},"footnotes":""},"class_list":["post-404","page","type-page","status-publish","hentry"],"_links":{"self":[{"href":"https:\/\/bulledeprairie.com\/index.php\/wp-json\/wp\/v2\/pages\/404","targetHints":{"allow":["GET"]}}],"collection":[{"href":"https:\/\/bulledeprairie.com\/index.php\/wp-json\/wp\/v2\/pages"}],"about":[{"href":"https:\/\/bulledeprairie.com\/index.php\/wp-json\/wp\/v2\/types\/page"}],"author":[{"embeddable":true,"href":"https:\/\/bulledeprairie.com\/index.php\/wp-json\/wp\/v2\/users\/1"}],"replies":[{"embeddable":true,"href":"https:\/\/bulledeprairie.com\/index.php\/wp-json\/wp\/v2\/comments?post=404"}],"version-history":[{"count":21,"href":"https:\/\/bulledeprairie.com\/index.php\/wp-json\/wp\/v2\/pages\/404\/revisions"}],"predecessor-version":[{"id":461,"href":"https:\/\/bulledeprairie.com\/index.php\/wp-json\/wp\/v2\/pages\/404\/revisions\/461"}],"up":[{"embeddable":true,"href":"https:\/\/bulledeprairie.com\/index.php\/wp-json\/wp\/v2\/pages\/315"}],"wp:attachment":[{"href":"https:\/\/bulledeprairie.com\/index.php\/wp-json\/wp\/v2\/media?parent=404"}],"curies":[{"name":"wp","href":"https:\/\/api.w.org\/{rel}","templated":true}]}}